{"id":3959,"date":"2024-10-08T09:01:21","date_gmt":"2024-10-08T07:01:21","guid":{"rendered":"https:\/\/osdobje.splet.arnes.si\/?page_id=3959"},"modified":"2024-10-08T10:45:03","modified_gmt":"2024-10-08T08:45:03","slug":"dobjanski-cajtng","status":"publish","type":"page","link":"https:\/\/www.osdobje.si\/?page_id=3959","title":{"rendered":"Dobjanski cajtng"},"content":{"rendered":"\n<p>U\u010denci na\u0161e \u0161ole so s \u0161olskim letom 2024\/25 pri\u010deli ustvarjati \u0161olski \u010dasopis <strong>Dobjanski cajtng<\/strong>. Na tej strani si boste vsak mesec prebrali novo izdajo mese\u010dnika in tako izvedeli ve\u010d o dogajanju na na\u0161i \u0161oli.<\/p>\n\n\n\n<p>Sodelujo\u010di u\u010denci in uredniki so:<\/p>\n\n\n\n<ul class=\"wp-block-list\">\n<li>Aurora Gra\u010dnar;<\/li>\n\n\n\n<li>Eva Pu\u0161nik;<\/li>\n\n\n\n<li>Ne\u017ea Dober\u0161ek;<\/li>\n\n\n\n<li>Hana Rabuza;<\/li>\n\n\n\n<li>Gal Zalokar;<\/li>\n\n\n\n<li>Nina Plahuta;<\/li>\n\n\n\n<li>Lili Stopin\u0161ek;<\/li>\n\n\n\n<li>Karin Seli\u010d.<\/li>\n<\/ul>\n\n\n\n<p><a href=\"https:\/\/www.osdobje.si\/files\/2024\/10\/Dobjanski-cajtng-09-2024.pdf\">Dobjanski cajtng, september 2024<\/a><\/p>\n\n\n\n<p><\/p>\n","protected":false},"excerpt":{"rendered":"<p>U\u010denci na\u0161e \u0161ole so s \u0161olskim letom 2024\/25 pri\u010deli ustvarjati \u0161olski \u010dasopis Dobjanski cajtng. Na tej strani si boste vsak mesec prebrali novo izdajo mese\u010dnika in tako izvedeli ve\u010d o dogajanju na na\u0161i \u0161oli. Sodelujo\u010di u\u010denci in uredniki so: Dobjanski &hellip; <a href=\"https:\/\/www.osdobje.si\/?page_id=3959\">Beri naprej <span class=\"meta-nav\">&rarr;<\/span><\/a><\/p>\n","protected":false},"author":89974,"featured_media":0,"parent":0,"menu_order":0,"comment_status":"closed","ping_status":"closed","template":"","meta":{"ngg_post_thumbnail":0,"footnotes":""},"class_list":["post-3959","page","type-page","status-publish","hentry"],"_links":{"self":[{"href":"https:\/\/www.osdobje.si\/index.php?rest_route=\/wp\/v2\/pages\/3959","targetHints":{"allow":["GET"]}}],"collection":[{"href":"https:\/\/www.osdobje.si\/index.php?rest_route=\/wp\/v2\/pages"}],"about":[{"href":"https:\/\/www.osdobje.si\/index.php?rest_route=\/wp\/v2\/types\/page"}],"author":[{"embeddable":true,"href":"https:\/\/www.osdobje.si\/index.php?rest_route=\/wp\/v2\/users\/89974"}],"replies":[{"embeddable":true,"href":"https:\/\/www.osdobje.si\/index.php?rest_route=%2Fwp%2Fv2%2Fcomments&post=3959"}],"version-history":[{"count":2,"href":"https:\/\/www.osdobje.si\/index.php?rest_route=\/wp\/v2\/pages\/3959\/revisions"}],"predecessor-version":[{"id":3994,"href":"https:\/\/www.osdobje.si\/index.php?rest_route=\/wp\/v2\/pages\/3959\/revisions\/3994"}],"wp:attachment":[{"href":"https:\/\/www.osdobje.si\/index.php?rest_route=%2Fwp%2Fv2%2Fmedia&parent=3959"}],"curies":[{"name":"wp","href":"https:\/\/api.w.org\/{rel}","templated":true}]}}