{"id":3784,"date":"2024-04-08T09:28:12","date_gmt":"2024-04-08T07:28:12","guid":{"rendered":"https:\/\/osdobje.splet.arnes.si\/?page_id=3784"},"modified":"2024-04-08T10:51:13","modified_gmt":"2024-04-08T08:51:13","slug":"polno-zrno","status":"publish","type":"page","link":"https:\/\/www.osdobje.si\/?page_id=3784","title":{"rendered":"Polno zrno"},"content":{"rendered":"\n<p>Na\u0161a \u0161ola se je v \u0161olskem letu 2023\/24 vklju\u010dila v nacionalni projekt <strong>Polno zrno<\/strong>, v katerem bomo preu\u010devali pomen povezovanja prehranskih vsebin in organizirane \u0161olske prehrane na primeru <strong>polnozrnatih \u017eivil<\/strong>.<\/p>\n\n\n\n<figure class=\"wp-block-image size-full is-resized\"><a href=\"https:\/\/www.osdobje.si\/files\/2024\/04\/polnozrno_nutris.org.png\"><img loading=\"lazy\" decoding=\"async\" width=\"800\" height=\"600\" src=\"https:\/\/www.osdobje.si\/files\/2024\/04\/polnozrno_nutris.org.png\" alt=\"\" class=\"wp-image-3790\" style=\"aspect-ratio:1.3333333333333333;width:324px;height:auto\" srcset=\"https:\/\/www.osdobje.si\/files\/2024\/04\/polnozrno_nutris.org.png 800w, https:\/\/www.osdobje.si\/files\/2024\/04\/polnozrno_nutris.org-300x225.png 300w, https:\/\/www.osdobje.si\/files\/2024\/04\/polnozrno_nutris.org-768x576.png 768w, https:\/\/www.osdobje.si\/files\/2024\/04\/polnozrno_nutris.org-400x300.png 400w\" sizes=\"auto, (max-width: 800px) 100vw, 800px\" \/><\/a><\/figure>\n\n\n\n<p>\u017divila iz polnozrnatih \u017eit niso pogosto na jedilniku, prav tako jih u\u010denci pogosto zavra\u010dajo. Cilj raziskovalnega projekta je <strong>spodbujanje u\u017eivanja polnozrnatih \u017eivil<\/strong>. V pouk gospodinjstva v 6. razredu bomo uvedli pedago\u0161ko intervencijo in jo povezali z organizirano \u0161olsko prehrano. Polnozrnata \u017eivila, ki bodo predmet pedago\u0161ke intervencije, bodo u\u010denci sre\u010dali na jedilniku. Razvili bomo didakti\u010dno gradivo z namenom spodbujanja zdravega na\u010dina prehranjevanja otrok in razvijanja bolj\u0161ega in trajnej\u0161ega znanja prehranskih vsebin.<\/p>\n\n\n\n<p>V raziskavi bodo v leto\u0161njem \u0161olskem letu sodelovali u\u010denci 6. razreda, organizatorj \u0161olske prehrane in u\u010ditelji gospodinjstva eksperimentalnih in kontrolnih osnovnih \u0161ol.<\/p>\n\n\n\n<p>Ve\u010d o projektu:<\/p>\n\n\n\n<p><a href=\"https:\/\/nijz.si\/projekti\/pomen-povezovanja-prehranskih-vsebin-in-organizirane-solske-prehrane-na-primeru-polnozrnatih-zivil-polno-zrno-v3-2310\/\">Pomen povezovanja prehranskih vsebin in organizirane \u0161olske prehrane na primeru polnozrnatih \u017eivil \u2013 &#8216;Polno zrno&#8217; (V3-2310) | Nijz<\/a><\/p>\n\n\n\n<figure class=\"wp-block-image size-large\"><a href=\"https:\/\/www.osdobje.si\/files\/2024\/04\/Pasica-01-01.jpg\"><img loading=\"lazy\" decoding=\"async\" width=\"1024\" height=\"79\" src=\"https:\/\/www.osdobje.si\/files\/2024\/04\/Pasica-01-01-1024x79.jpg\" alt=\"\" class=\"wp-image-3789\" srcset=\"https:\/\/www.osdobje.si\/files\/2024\/04\/Pasica-01-01-1024x79.jpg 1024w, https:\/\/www.osdobje.si\/files\/2024\/04\/Pasica-01-01-300x23.jpg 300w, https:\/\/www.osdobje.si\/files\/2024\/04\/Pasica-01-01-768x59.jpg 768w, https:\/\/www.osdobje.si\/files\/2024\/04\/Pasica-01-01-1536x118.jpg 1536w, https:\/\/www.osdobje.si\/files\/2024\/04\/Pasica-01-01-2048x158.jpg 2048w, https:\/\/www.osdobje.si\/files\/2024\/04\/Pasica-01-01-500x38.jpg 500w\" sizes=\"auto, (max-width: 1024px) 100vw, 1024px\" \/><\/a><\/figure>\n","protected":false},"excerpt":{"rendered":"<p>Na\u0161a \u0161ola se je v \u0161olskem letu 2023\/24 vklju\u010dila v nacionalni projekt Polno zrno, v katerem bomo preu\u010devali pomen povezovanja prehranskih vsebin in organizirane \u0161olske prehrane na primeru polnozrnatih \u017eivil. \u017divila iz polnozrnatih \u017eit niso pogosto na jedilniku, prav tako &hellip; <a href=\"https:\/\/www.osdobje.si\/?page_id=3784\">Beri naprej <span class=\"meta-nav\">&rarr;<\/span><\/a><\/p>\n","protected":false},"author":89974,"featured_media":0,"parent":0,"menu_order":0,"comment_status":"closed","ping_status":"closed","template":"","meta":{"ngg_post_thumbnail":0,"footnotes":""},"class_list":["post-3784","page","type-page","status-publish","hentry"],"_links":{"self":[{"href":"https:\/\/www.osdobje.si\/index.php?rest_route=\/wp\/v2\/pages\/3784","targetHints":{"allow":["GET"]}}],"collection":[{"href":"https:\/\/www.osdobje.si\/index.php?rest_route=\/wp\/v2\/pages"}],"about":[{"href":"https:\/\/www.osdobje.si\/index.php?rest_route=\/wp\/v2\/types\/page"}],"author":[{"embeddable":true,"href":"https:\/\/www.osdobje.si\/index.php?rest_route=\/wp\/v2\/users\/89974"}],"replies":[{"embeddable":true,"href":"https:\/\/www.osdobje.si\/index.php?rest_route=%2Fwp%2Fv2%2Fcomments&post=3784"}],"version-history":[{"count":2,"href":"https:\/\/www.osdobje.si\/index.php?rest_route=\/wp\/v2\/pages\/3784\/revisions"}],"predecessor-version":[{"id":3791,"href":"https:\/\/www.osdobje.si\/index.php?rest_route=\/wp\/v2\/pages\/3784\/revisions\/3791"}],"wp:attachment":[{"href":"https:\/\/www.osdobje.si\/index.php?rest_route=%2Fwp%2Fv2%2Fmedia&parent=3784"}],"curies":[{"name":"wp","href":"https:\/\/api.w.org\/{rel}","templated":true}]}}