{"id":3231,"date":"2023-04-03T08:44:53","date_gmt":"2023-04-03T06:44:53","guid":{"rendered":"https:\/\/osdobje.splet.arnes.si\/?page_id=3231"},"modified":"2024-10-08T09:11:00","modified_gmt":"2024-10-08T07:11:00","slug":"etwinning","status":"publish","type":"page","link":"https:\/\/www.osdobje.si\/?page_id=3231","title":{"rendered":"eTwinning"},"content":{"rendered":"\n<p>Digital citizens of a digital school &#8211; Digitalni dr\u017eavljani digitalne \u0161ole<\/p>\n\n\n\n<p><strong>Sodelujo\u010di:<\/strong> vzgojitelji in otroci iz Slovenije, Tur\u010dije, Estonije in Romunije<\/p>\n\n\n\n<p><strong>Cilji:<\/strong> sodelovati v spletnem izobra\u017eevalnem prostoru in se seznaniti s tujimi kulturami, ozave\u0161\u010dati pomen varnosti na spletu, obstoja spletne identitete, varne in ustrezne rabe spletnih aplikacij in platform, razvijati kriti\u010dno mi\u0161ljenje o uporabi le-teh in strategije obrambe pred spletnim nasiljem.<\/p>\n\n\n\n<p><strong>Kako?<\/strong> S prakti\u010dno ponazoritvijo &#8211; skozi igro in pogovor.<\/p>\n\n\n\n<p>Spremljajte nas na:<\/p>\n\n\n\n<div class=\"wp-block-group\"><div class=\"wp-block-group__inner-container is-layout-constrained wp-block-group-is-layout-constrained\">\n<p>&#8211; <a rel=\"noreferrer noopener\" href=\"https:\/\/www.facebook.com\/groups\/1358606321587412\" target=\"_blank\">https:\/\/www.facebook.com\/groups\/1358606321587412<\/a><br>&#8211; <a rel=\"noreferrer noopener\" href=\"https:\/\/instagram.com\/o.goga_rasinari_romania?igshid=YmMyMTA2M2Y\" target=\"_blank\">https:\/\/instagram.com\/o.goga_rasinari_romania?igshid=YmMyMTA2M2Y<\/a><br>&#8211; <a rel=\"noreferrer noopener\" href=\"http:\/\/digitalcitizensofadigitalschool.weebly.com\" target=\"_blank\">http:\/\/digitalcitizensofadigitalschool.weebly.com<\/a><\/p>\n<\/div><\/div>\n","protected":false},"excerpt":{"rendered":"<p>Digital citizens of a digital school &#8211; Digitalni dr\u017eavljani digitalne \u0161ole Sodelujo\u010di: vzgojitelji in otroci iz Slovenije, Tur\u010dije, Estonije in Romunije Cilji: sodelovati v spletnem izobra\u017eevalnem prostoru in se seznaniti s tujimi kulturami, ozave\u0161\u010dati pomen varnosti na spletu, obstoja spletne &hellip; <a href=\"https:\/\/www.osdobje.si\/?page_id=3231\">Beri naprej <span class=\"meta-nav\">&rarr;<\/span><\/a><\/p>\n","protected":false},"author":2420,"featured_media":0,"parent":0,"menu_order":0,"comment_status":"closed","ping_status":"closed","template":"","meta":{"ngg_post_thumbnail":0,"footnotes":""},"class_list":["post-3231","page","type-page","status-publish","hentry"],"_links":{"self":[{"href":"https:\/\/www.osdobje.si\/index.php?rest_route=\/wp\/v2\/pages\/3231","targetHints":{"allow":["GET"]}}],"collection":[{"href":"https:\/\/www.osdobje.si\/index.php?rest_route=\/wp\/v2\/pages"}],"about":[{"href":"https:\/\/www.osdobje.si\/index.php?rest_route=\/wp\/v2\/types\/page"}],"author":[{"embeddable":true,"href":"https:\/\/www.osdobje.si\/index.php?rest_route=\/wp\/v2\/users\/2420"}],"replies":[{"embeddable":true,"href":"https:\/\/www.osdobje.si\/index.php?rest_route=%2Fwp%2Fv2%2Fcomments&post=3231"}],"version-history":[{"count":3,"href":"https:\/\/www.osdobje.si\/index.php?rest_route=\/wp\/v2\/pages\/3231\/revisions"}],"predecessor-version":[{"id":3966,"href":"https:\/\/www.osdobje.si\/index.php?rest_route=\/wp\/v2\/pages\/3231\/revisions\/3966"}],"wp:attachment":[{"href":"https:\/\/www.osdobje.si\/index.php?rest_route=%2Fwp%2Fv2%2Fmedia&parent=3231"}],"curies":[{"name":"wp","href":"https:\/\/api.w.org\/{rel}","templated":true}]}}