{"id":3027,"date":"2022-07-01T10:19:59","date_gmt":"2022-07-01T08:19:59","guid":{"rendered":"https:\/\/osdobje.splet.arnes.si\/?page_id=3027"},"modified":"2024-06-19T09:07:58","modified_gmt":"2024-06-19T07:07:58","slug":"dvig-digitalne-kompetentnosti","status":"publish","type":"page","link":"https:\/\/www.osdobje.si\/?page_id=3027","title":{"rendered":"Dvig digitalne kompetentnosti"},"content":{"rendered":"\n<figure class=\"wp-block-image is-resized\"><img decoding=\"async\" src=\"https:\/\/www.zrss.si\/wp-content\/uploads\/2022\/03\/LOGO_DVIG_DIGITALNE-KOMPETENCE_horizontalni-1024x395.png\" alt=\"\" style=\"aspect-ratio:2.5924050632911393;width:614px;height:auto\" \/><\/figure>\n\n\n\n<div class=\"wp-block-columns is-layout-flex wp-container-core-columns-is-layout-9d6595d7 wp-block-columns-is-layout-flex\">\n<div class=\"wp-block-column is-layout-flow wp-block-column-is-layout-flow\" style=\"flex-basis:100%\">\n<div class=\"wp-block-group is-vertical is-content-justification-center is-layout-flex wp-container-core-group-is-layout-bc3d12e9 wp-block-group-is-layout-flex\">\n<figure class=\"wp-block-image is-resized is-style-rounded\"><a href=\"http:\/\/www.arnes.si\/\" target=\"_blank\" rel=\"noreferrer noopener\"><img decoding=\"async\" src=\"https:\/\/www.zrss.si\/wp-content\/uploads\/2022\/06\/Zajeta-slika.jpg\" alt=\"\" class=\"wp-image-34374\" style=\"aspect-ratio:2.226993865030675;width:231px;height:auto\" \/><\/a><\/figure>\n\n\n\n<figure class=\"wp-block-image is-resized is-style-rounded\"><a href=\"https:\/\/www.zrss.si\/\" target=\"_blank\" rel=\"noreferrer noopener\"><img decoding=\"async\" src=\"https:\/\/www.zrss.si\/wp-content\/uploads\/2021\/07\/zrss-16-9-logo-square-1024x495.png\" alt=\"\" class=\"wp-image-27850\" style=\"aspect-ratio:2.080808080808081;width:234px;height:auto\" \/><\/a><\/figure>\n\n\n\n<figure class=\"wp-block-image is-resized is-style-rounded\"><a href=\"https:\/\/www.gov.si\/drzavni-organi\/ministrstva\/ministrstvo-za-izobrazevanje-znanost-in-sport\/\" target=\"_blank\" rel=\"noreferrer noopener\"><img decoding=\"async\" src=\"https:\/\/www.zrss.si\/wp-content\/uploads\/2021\/10\/MIZS.jpg\" alt=\"\" class=\"wp-image-29232\" style=\"aspect-ratio:6.96078431372549;width:378px;height:auto\" \/><\/a><\/figure>\n\n\n\n<figure class=\"wp-block-image is-style-rounded\"><a href=\"https:\/\/www.eu-skladi.si\/\" target=\"_blank\" rel=\"noreferrer noopener\"><img decoding=\"async\" src=\"https:\/\/www.zrss.si\/wp-content\/uploads\/2020\/09\/logo-ess-2016.png\" alt=\"\" class=\"wp-image-588\" \/><\/a><\/figure>\n<\/div>\n<\/div>\n<\/div>\n\n\n\n<p><\/p>\n\n\n\n<p><strong>Nalo\u017ebo sofinancirata Republika Slovenija in Evropska unija iz Evropskega socialnega sklada<\/strong><\/p>\n\n\n\n<p><strong>Namen&nbsp;<\/strong>projekta Dvig digitalne kompetentnosti je izbolj\u0161ati kakovost in u\u010dinkovitost izobra\u017eevanja in usposabljanj ter spodbujati razvoj inovativnih u\u010dnih okolij in pro\u017enih oblik u\u010denja, ki bodo prispevali k dvigu digitalnih kompetenc vodstvenih in strokovnih delavcev, otrok, u\u010dencev in dijakov.<\/p>\n\n\n\n<p><strong>Cilj&nbsp;<\/strong>projekta je razvoj pro\u017enej\u0161ih oblik u\u010denja s pomo\u010djo u\u010dinkovite rabe digitalnih tehnologij v VIZ ter s tem spodbujanje strokovnih delavcev VIZ za reflektivno prakso, na\u010drtovanje ter udejanjanje lastnega strokovnega razvoja (digitalnih strategij VIZ-a, digitalnih kompetenc strokovnih delavcev in otrok\/u\u010dencev\/dijakov).<\/p>\n\n\n\n<p><strong>Ciljne skupine<\/strong>, ki so vklju\u010dene v projekt, so vzgojno-izobra\u017eevalni zavodi, znotraj teh pa zaposleni: strokovni delavci (ravnatelji, u\u010ditelji in drugo strokovno osebje) na podro\u010dju pred\u0161olske vzgoje, osnovno\u0161olskega izobra\u017eevanja, osnovnega glasbenega izobra\u017eevanja, poklicnega in strokovnega izobra\u017eevanja, srednjega splo\u0161nega izobra\u017eevanja, vzgoje in izobra\u017eevanja otrok in mladostnikov s posebnimi potrebami, vzgoje in izobra\u017eevanja v dija\u0161kih domovih ter posledi\u010dno otroci, u\u010denci in dijaki.<\/p>\n\n\n\n<p>Kon\u010dna dodana vrednost programa bo glede na razli\u010dno raven digitalne kompetentnosti posameznih strokovnih delavcev in VIZ-a v celoti izdelana digitalna strategija za posamezen VIZ in na osnovi strategije izvedena usposabljanja ter udejanjanje teh znanj v vzgojno-izobra\u017eevalnem procesu. Izdelava strategije bo temeljila na analizi stanja in pripravi akcijskega na\u010drta. To pomeni, da bodo zaposleni v posameznem VIZ-u aktivni udele\u017eenci v procesu analize ter v procesu priprave in izvajanja akcijskega na\u010drta in s tem opolnomo\u010deni za evalvacijo in nadgradnjo digitalne strategije znotraj zavoda tudi po zaklju\u010dku programa.<\/p>\n\n\n\n<p>Projekt Dvig digitalne kompetentnosti se od dosedanjih usposabljanj na podro\u010dju digitalnih kompetenc razlikuje v izhajanju iz dejanskih potreb posameznega VIZ-a in na\u010drtovanju strategij VIZ-a za dvig digitalnih kompetenc.&nbsp;<\/p>\n\n\n\n<h1 class=\"wp-block-heading\" id=\"Ugotovljeni-problemi-in-izzivi\"><strong>Dejavnosti v projektu<\/strong><\/h1>\n\n\n\n<p>Kljub \u0161tevilnim strate\u0161kim dokumentom, strategijam, smernicam, projektom, usposabljanjem in drugim pobudam ugotavljamo, da ostaja v slovenskem \u0161olskem prostoru problem smiselne rabe digitalne tehnologije. Zato vodstveni in strokovni delavci potrebujejo sistemati\u010dno podporo za u\u010dinkovito rabo digitalnih tehnologij pri doseganju vzgojno-izobra\u017eevalnih ciljev in razvijanju digitalnih kompetenc u\u010de\u010dih se.<\/p>\n\n\n\n<p>Opravljene analize ka\u017eejo na nujno ukrepanje na treh podro\u010djih:<\/p>\n\n\n\n<ul class=\"wp-block-list\">\n<li>inovativnih pristopih pedago\u0161kega vodenja in na\u010drtovanja u\u010dinkovite rabe digitalnih tehnologij v VIZ;<\/li>\n\n\n\n<li>pedago\u0161kih digitalnih kompetencah strokovnih delavcev VIZ-ov in<\/li>\n\n\n\n<li>u\u010dinkovite rabe digitalnih tehnologij v vzgojno-izobra\u017eevalnem procesu in s tem posledi\u010dno povezanem dvigu digitalnih kompetenc otrok, u\u010dencev, dijakov.<\/li>\n<\/ul>\n\n\n\n<p><strong>Dejavnosti v projektu<\/strong><\/p>\n\n\n\n<p>V programu bodo zasnovane, preizku\u0161ene in evalvirane raznolike dejavnosti za razvoj digitalne kompetentnosti dele\u017enikov v vzgoji in izobra\u017eevanju:<\/p>\n\n\n\n<ul class=\"wp-block-list\">\n<li>razli\u010dna usposabljanja in izobra\u017eevanja za profesionalni razvoj pedago\u0161kih digitalnih kompetenc strokovnih delavcev VIZ-a;<\/li>\n\n\n\n<li>podporno spletno okolje za u\u010dinkovito rabo digitalnih tehnologij v VIZ-ih (interaktivni u\u010dni na\u010drt z dodanimi pripravljenimi gradivi in povezavami, mo\u017enostjo kreiranja letne in sprotnih priprav na VIZ), orodja za samopreverjanje digitalnih pedago\u0161kih kompetenc in u\u010dinkovite rabe digitalnih tehnologij VIZ, digitalna gradiva, primeri dobre rabe);<\/li>\n\n\n\n<li>vzpostavljene u\u010de\u010de se skupnosti digitalnih znanj in izku\u0161enj znotraj VIZ in prenos na ostale VIZ-e;<\/li>\n\n\n\n<li>priro\u010dnik za dvig digitalnih kompetenc na VIZ-u.<\/li>\n<\/ul>\n\n\n\n<p><strong>Pri\u010dakovani rezultati<\/strong><\/p>\n\n\n\n<p>Rezultat programa bo opolnomo\u010denje strokovnih delavcev VIZ za razvoj digitalnih strategij VIZ-a, strokovnih, pedago\u0161kih digitalnih kompetenc strokovnih delavcev in procesno razvijanje digitalnih kompetenc otrok, u\u010dencev in dijakov.<\/p>\n\n\n\n<p><strong>Konzorcijski partnerji<\/strong><\/p>\n\n\n\n<p><a href=\"https:\/\/www.zrss.si\/\">Zavod Republike Slovenije za \u0161olstvo (poslovode\u010di partner)<\/a><\/p>\n\n\n\n<p><a href=\"http:\/\/www.arnes.si\/\" target=\"_blank\" rel=\"noreferrer noopener\">Akademska in raziskovalna mre\u017ea Slovenije \u2013&nbsp;ARNES<\/a><\/p>\n\n\n\n<p><strong>Partnerji projekta<\/strong><\/p>\n\n\n\n<p>V izvajanje programa je vklju\u010denih 220 vzgojno-izobra\u017eevalnih zavodov oz. organizacijskih enot vzgojno-izobra\u017eevalnih zavodov, ki bodo izvedli predvidene aktivnosti, opredeljene&nbsp;<a href=\"https:\/\/www.zrss.si\/novice\/javni-poziv-za-izbor-sodelujocih-vzgojno-izobrazevalnih-zavodov-v-programu-dvig-digitalne-kompetentnosti\/\" target=\"_blank\" rel=\"noreferrer noopener\">v javnem pozivu za izbor sodelujo\u010dih vzgojno-izobra\u017eevalnih zavodov v programu Dvig digitalne kompetentnosti<\/a>. Zaposlenim v VIZ-ih, ki ne bodo vklju\u010deni&nbsp; v program (to so VIZ-i, ki se niso prijavili k sodelovanju), bo omogo\u010dena udele\u017eba na usposabljanjih, ki jih bosta izvajala konzorcijska partnerja.<\/p>\n\n\n\n<p><strong>Finan\u010dna podpora<\/strong><\/p>\n\n\n\n<p>Skupna vi\u0161ina sredstev, namenjena za izvedbo projekta, je 1.950.000,00 \u20ac.<\/p>\n","protected":false},"excerpt":{"rendered":"<p>Nalo\u017ebo sofinancirata Republika Slovenija in Evropska unija iz Evropskega socialnega sklada Namen&nbsp;projekta Dvig digitalne kompetentnosti je izbolj\u0161ati kakovost in u\u010dinkovitost izobra\u017eevanja in usposabljanj ter spodbujati razvoj inovativnih u\u010dnih okolij in pro\u017enih oblik u\u010denja, ki bodo prispevali k dvigu digitalnih kompetenc &hellip; <a href=\"https:\/\/www.osdobje.si\/?page_id=3027\">Beri naprej <span class=\"meta-nav\">&rarr;<\/span><\/a><\/p>\n","protected":false},"author":2420,"featured_media":0,"parent":0,"menu_order":0,"comment_status":"closed","ping_status":"closed","template":"","meta":{"ngg_post_thumbnail":0,"footnotes":""},"class_list":["post-3027","page","type-page","status-publish","hentry"],"_links":{"self":[{"href":"https:\/\/www.osdobje.si\/index.php?rest_route=\/wp\/v2\/pages\/3027","targetHints":{"allow":["GET"]}}],"collection":[{"href":"https:\/\/www.osdobje.si\/index.php?rest_route=\/wp\/v2\/pages"}],"about":[{"href":"https:\/\/www.osdobje.si\/index.php?rest_route=\/wp\/v2\/types\/page"}],"author":[{"embeddable":true,"href":"https:\/\/www.osdobje.si\/index.php?rest_route=\/wp\/v2\/users\/2420"}],"replies":[{"embeddable":true,"href":"https:\/\/www.osdobje.si\/index.php?rest_route=%2Fwp%2Fv2%2Fcomments&post=3027"}],"version-history":[{"count":4,"href":"https:\/\/www.osdobje.si\/index.php?rest_route=\/wp\/v2\/pages\/3027\/revisions"}],"predecessor-version":[{"id":3887,"href":"https:\/\/www.osdobje.si\/index.php?rest_route=\/wp\/v2\/pages\/3027\/revisions\/3887"}],"wp:attachment":[{"href":"https:\/\/www.osdobje.si\/index.php?rest_route=%2Fwp%2Fv2%2Fmedia&parent=3027"}],"curies":[{"name":"wp","href":"https:\/\/api.w.org\/{rel}","templated":true}]}}