{"id":2633,"date":"2021-03-19T08:57:27","date_gmt":"2021-03-19T07:57:27","guid":{"rendered":"http:\/\/osdobje.splet.arnes.si\/?page_id=2633"},"modified":"2023-04-02T21:27:58","modified_gmt":"2023-04-02T19:27:58","slug":"zdrav-sola","status":"publish","type":"page","link":"https:\/\/www.osdobje.si\/?page_id=2633","title":{"rendered":"Zdrava \u0161ola"},"content":{"rendered":"\n<p>S 1. 4. 2019 je bila na\u0161a \u0161ola kot nova \u010dlanica sprejeta v <strong>Slovensko mre\u017eo zdravih \u0161ol<\/strong>, katere cilj je na celostni na\u010din spodbujati, krepiti in omogo\u010dati zdravje za u\u010dence, u\u010ditelje in star\u0161e na vseh podro\u010djih zdravja skozi obvezni in skriti kurikul ter v povezavi z lokalno skupnostjo, zdravstvenimi slu\u017ebami in drugimi ustanovami krepiti zdrav \u017eivljenjski slog v \u0161olskem okolju.<\/p>\n\n\n\n<p>V \u0161olskem letu 2022\/23 je rde\u010da nit na\u0161ega delovanja <strong>\u201cMi vsi za lep\u0161i (bolj\u0161i) jutri\u201d<\/strong>.<\/p>\n\n\n\n<figure class=\"wp-block-image size-full\"><a href=\"https:\/\/www.osdobje.si\/files\/2023\/04\/zdrava-sola-1.png\"><img loading=\"lazy\" decoding=\"async\" width=\"200\" height=\"202\" src=\"https:\/\/www.osdobje.si\/files\/2023\/04\/zdrava-sola-1.png\" alt=\"\" class=\"wp-image-3229\" \/><\/a><\/figure>\n\n\n\n<p>Koncept mre\u017ee \u0161ol, ki promovirajo zdravje, se je razvil \u017ee v 80. letih prej\u0161njega stoletja. K temu so pripomogli strokovnjaki Svetovne zdravstvene organizacije (SZO), Sveta Evrope in Evropske komisije, ki so se zavedali, da lahko na\u010drtno in sistemati\u010dno zasnovani programi pomembno vplivajo na zadovoljstvo u\u010dencev, njihovo samopodobo, vedenje v zvezi z zdravjem, odnos do zdravja in \u017eivljenja nasploh.<\/p>\n\n\n\n<p>Oblikovala se je Evropska mre\u017ea zdravih \u0161ol, ki se odziva na probleme v zvezi z zdravjem otrok in mladostnikov. Usmerila se je k razvojnim programom za promocijo zdravja, v zadnjem \u010dasu predvsem na <strong>podro\u010dje zdrave prehrane in gibanja, du\u0161evnega zdravja<\/strong> kot zelo pomembnih varovalnih dejavnikov, evalvacijo u\u010dinkov preventivnih \u0161olskih programov, dejavno vklju\u010devanje u\u010dencev\/dijakov, lokalno in regionalno sodelovanje, izobra\u017eevanje u\u010diteljev, konceptualni razvoj mre\u017ee in kakovost standardov.<\/p>\n\n\n\n<p>Izobra\u017eevanje in zdravje imata skupne interese. Zdru\u017eevanje teh interesov \u0161olam omogo\u010da, da postanejo bolj\u0161a okolja za u\u017eivanje v u\u010denju, pou\u010devanju in delu. &#8220;\u0160ola, ki promovira zdravje, je \u0161ola, ki je uvedla strukturiran in sistemati\u010den na\u010drt za zdravje, dobro po\u010dutje in razvoj dru\u017ebenega kapitala vseh u\u010dencev in zaposlenih. \u0160ole, ki promovirajo zdravje, dokazano izbolj\u0161ujejo zdravje in blagostanje vse \u0161olske skupnosti. Zasnovane so kot okolja, ki pomagajo zmanj\u0161evati neenakosti v zdravju. Spodbujajo sodelovanje z drugimi povezanimi podro\u010dji oziroma sektorji, ki oblikujejo politike za zdravje otrok in mladostnikov.&#8221;&nbsp;(SHE mre\u017ea).<\/p>\n\n\n\n<p><a href=\"https:\/\/www.nijz.si\/sl\/slovenska-mreza-zdravih-sol\">https:\/\/www.nijz.si\/sl\/slovenska-mreza-zdravih-sol<\/a><\/p>\n\n\n\n<p><\/p>\n","protected":false},"excerpt":{"rendered":"<p>S 1. 4. 2019 je bila na\u0161a \u0161ola kot nova \u010dlanica sprejeta v Slovensko mre\u017eo zdravih \u0161ol, katere cilj je na celostni na\u010din spodbujati, krepiti in omogo\u010dati zdravje za u\u010dence, u\u010ditelje in star\u0161e na vseh podro\u010djih zdravja skozi obvezni in &hellip; <a href=\"https:\/\/www.osdobje.si\/?page_id=2633\">Beri naprej <span class=\"meta-nav\">&rarr;<\/span><\/a><\/p>\n","protected":false},"author":351,"featured_media":0,"parent":0,"menu_order":0,"comment_status":"closed","ping_status":"closed","template":"","meta":{"ngg_post_thumbnail":0,"footnotes":""},"class_list":["post-2633","page","type-page","status-publish","hentry"],"_links":{"self":[{"href":"https:\/\/www.osdobje.si\/index.php?rest_route=\/wp\/v2\/pages\/2633","targetHints":{"allow":["GET"]}}],"collection":[{"href":"https:\/\/www.osdobje.si\/index.php?rest_route=\/wp\/v2\/pages"}],"about":[{"href":"https:\/\/www.osdobje.si\/index.php?rest_route=\/wp\/v2\/types\/page"}],"author":[{"embeddable":true,"href":"https:\/\/www.osdobje.si\/index.php?rest_route=\/wp\/v2\/users\/351"}],"replies":[{"embeddable":true,"href":"https:\/\/www.osdobje.si\/index.php?rest_route=%2Fwp%2Fv2%2Fcomments&post=2633"}],"version-history":[{"count":6,"href":"https:\/\/www.osdobje.si\/index.php?rest_route=\/wp\/v2\/pages\/2633\/revisions"}],"predecessor-version":[{"id":3230,"href":"https:\/\/www.osdobje.si\/index.php?rest_route=\/wp\/v2\/pages\/2633\/revisions\/3230"}],"wp:attachment":[{"href":"https:\/\/www.osdobje.si\/index.php?rest_route=%2Fwp%2Fv2%2Fmedia&parent=2633"}],"curies":[{"name":"wp","href":"https:\/\/api.w.org\/{rel}","templated":true}]}}