{"id":191,"date":"2014-07-10T17:50:37","date_gmt":"2014-07-10T15:50:37","guid":{"rendered":"http:\/\/osdobje.splet.arnes.si\/?page_id=191"},"modified":"2024-02-12T11:17:11","modified_gmt":"2024-02-12T10:17:11","slug":"o-soli","status":"publish","type":"page","link":"https:\/\/www.osdobje.si\/?page_id=191","title":{"rendered":"O \u0161oli"},"content":{"rendered":"\n<figure class=\"wp-block-embed is-type-video is-provider-youtube wp-block-embed-youtube wp-embed-aspect-16-9 wp-has-aspect-ratio\"><div class=\"wp-block-embed__wrapper\">\n<iframe loading=\"lazy\" title=\"Osnovna \u0161ola Dobje\" width=\"584\" height=\"329\" src=\"https:\/\/www.youtube.com\/embed\/-FID-MIuGUk?feature=oembed\" frameborder=\"0\" allow=\"accelerometer; autoplay; clipboard-write; encrypted-media; gyroscope; picture-in-picture; web-share\" referrerpolicy=\"strict-origin-when-cross-origin\" allowfullscreen><\/iframe>\n<\/div><figcaption class=\"wp-element-caption\">Posnel in uredil: Anej Bezgov\u0161ek, Studio BB<\/figcaption><\/figure>\n\n\n\n<p>Osnovna \u0161ola Dobje z enoto vrtca je sodobno in moderno opremljen javni zavod s strokovno usposobljenim kadrom, ki sledi viziji u\u010diti in vzgajati za \u017eivljenje. V javnosti se predstavljamo s sloganom \u00bbBolj\u0161i smo in imamo dokaz\u00ab. Zaposleni si prizadevamo za strokovno podajanja u\u010dne snovi ter dobre medsebojne odnose. Gradimo na kvalitetni komunikaciji med vsemi udele\u017eenci vzgojno-izobra\u017eevalnega trikotnika, torej u\u010denci, star\u0161i in zaposlenimi. Z vstopom v mednarodno okolje smo k temu dodali \u0161e zunanje partnerje na mednarodni ravni.<\/p>\n\n\n\n<p>Na\u0161e najmo\u010dnej\u0161e podro\u010dje je razvijanje digitalne pismenosti in vna\u0161anje smiselne rabe IKT v pouk, saj smo vodilna \u0161ola na podro\u010dju uvajanja dobre prakse z inovativnimi didakti\u010dnimi pristopi (aktivno pou\u010devanje in formativno spremljanje) in uporabo IKT (predvsem formativnem spremljanju napredka s pomo\u010djo e-zvezka v o365). Ve\u010dletno delo se nam je obrestovalo ob prehodu na delo na daljavo, saj smo se brez ve\u010djih te\u017eav prilagodili in omogo\u010dili kvaliteten pouk u\u010dencem tudi na daljavo. Zaposleni svoje delo predstavljajo na mednarodnih konferencah tako doma kot v tujini.<\/p>\n\n\n\n<p>Za inovativno vna\u0161anje dobrih praks v pou\u010devanje smo dobili leta 2016 presti\u017eno Kumerdejevo priznanje, 2017 smo postali prva inovativna Microsoftova \u0161ola v Sloveniji.<\/p>\n\n\n\n<p>U\u010denci so postali odgovorni za svoje znanje in znanje je zanje postalo vrednota. \u017de ve\u010d let zapored na dr\u017eavnih tekmovanjih osvajajo ve\u010d kot 10 % zlatih in 60 % srebrnih priznanj glede na \u0161tevilo u\u010dencev v razredu, kar je ve\u010d kot trikratno evropsko povpre\u010dje.<\/p>\n\n\n\n<p>Velik poudarek dajemo tudi zdravemu na\u010dinu \u017eivljenja. Na\u0161 slogan \u201cNa\u0161a hrana in gibanje naj bosta zdravilo in zdravilo naj bosta na\u0161a hrana in gibanje!\u201d uresni\u010dujemo tako pri vpeljevanju zdrave prehrane v jedilnike kot z veliko gibanja, saj imajo u\u010denci zagotovljenih pet ur \u0161porta tedensko, od septembra 2021 smo v celotnem projektu Raz\u0161irjeni program (RaP). V letu 2019 smo dobili naziv Zdrava \u0161ola.<\/p>\n\n\n\n<p>Zadnjih pet let dajemo poseben poudarek zgodnjemu u\u010denju angle\u0161kega jezika, in sicer od vrtca dalje (za\u010denjamo s triletniki), ter vpeljevanju ve\u010djezi\u010dnosti in osve\u0161\u010danju o raznojezi\u010dnosti. Kot razvojna \u0161ola na tem podro\u010dju sodelujemo s Pedago\u0161ko fakulteto Univerze v Ljubljani v nacionalnem projektu Jeziki \u0161tejejo (Je\u0160T), ki je trajal do konca oktobra 2022.<\/p>\n\n\n\n<p>Pred petimi leti smo v evropskem razvojnem na\u010drtu pri\u010deli razmi\u0161ljati, kako zaposlene spodbuditi k vse\u017eivljenjskemu u\u010denju ter izmenjavi znanj, in sicer ne le na nacionalni, temve\u010d tudi na mednarodni ravni. Seznanitev z evropskim strate\u0161kim okvirjem za evropsko sodelovanje v izobra\u017eevanju in usposabljanju je za nas pomenila to\u010dko, ko smo se pri\u010deli zavedati, da le inovativni posamezniki, ki delujejo na nacionalnem nivoju, v prihodnosti ne bodo ve\u010d dovolj za vzdr\u017eevanje kakovostnega dela in razvoja institucije. Prihodnost je v timskem delu, prenosu in izmenjavi znanj ter skupnem soustvarjanju odprtega, kakovostno in kulturno bogatega izobra\u017eevalnega prostora, za kar je potrebno sodelovanje celotnega kolektiva.<\/p>\n\n\n\n<p>Prijavljati smo se za\u010deli na Erasmus+ projekte. Pri prijavah smo bili uspe\u0161ni, v preteklem letu smo zaklju\u010dili \u0161tiri projekte, trenutno potekata \u0161e dva.<\/p>\n\n\n\n<p>V letu 2019 so se pri\u010dele izmenjave u\u010dencev, in sicer konec oktobra v Romunijo, sredi decembra na Hrva\u0161ko. U\u010denci so obiskali razli\u010dne ure pouka, ki so vodene z gradivi in metodami, ki smo jih razvili v prvem letu projekta. Konec marca 2020 bi morali potovati v \u0160panijo, pa je koronavirus mobilnosti prepre\u010dil. Z mobilnostmi smo nadaljevali februarja 2022 v Italijo (Neapelj, osem otrok), oktobra 2022 v \u0160panijo (Murcia, 8 otrok) in novembra 2022 v Larvijo (Riga, 6 otrok).<\/p>\n\n\n\n<p>Smo tudi kulturna \u0161ola, na\u0161i mo\u010dni podro\u010dji sta petje ter ples in tudi na umetni\u0161kem podro\u010dju dosegamo vidne rezultate.<\/p>\n\n\n\n<p>Z inovativno obliko opazovanja pouka prek u\u010dnih sprehodov (kratkih hospitacij), ki jih izvajamo tako za strokovne delavce \u0161ole kot za ravnatelje in u\u010ditelje drugih \u0161ol, posku\u0161amo z mehkim prehodom v ustaljene rutine pedago\u0161kih praks vnesti nove, inovativne prakse v&nbsp; pou\u010devanje ter u\u010diteljem omogo\u010diti razviti odprtost za uvajanje sprememb pri pou\u010devanju. Tehnologija nam je v pomo\u010d, u\u010denci dosegajo bolj\u0161e rezultate, razvijajo ve\u0161\u010dine, la\u017eje dostopajo do znanja, ki ga je na spletu ogromno in so seveda tudi kriti\u010dni do vsebin na internetu. Zaradi poglobljenega razmi\u0161ljanja o sebi u\u010denci krepijo notranjo motivacijo za u\u010denje, postali so odgovorni za svoje znanje in znanje je postalo vrednota.<\/p>\n\n\n\n<p>Tudi vrtec postaja vsako leto bolj prepoznaven. V letu 2022 smo imeli pet oddelkov. Otrokom ponujamo bogat obogatitveni program.<\/p>\n\n\n\n<p>Osnovna \u0161ola z enoto vrtca je eden najpomembnej\u0161ih podsistemov celotnega vzgojno-izobra\u017eevalnega sistema. Vsebina in organizacija imata velik vpliv na poklicno in \u017eivljenjsko kariero mladega \u010dloveka, zato je delo \u0161ole odgovorno in pomembno.<\/p>\n\n\n\n<p>Poleg obveznega programa na \u0161oli izvajamo \u0161e raz\u0161irjen in nadstandardni program. Nadarjenim u\u010dencem nudimo dodatno znanje v okviru dodatnega pouka iz sloven\u0161\u010dine, matematike in angle\u0161\u010dine. Za u\u010dence, ki potrebujejo pomo\u010d, imamo organiziran dopolnilni pouk pri sloven\u0161\u010dini, angle\u0161\u010dini in matematiki. Organiziramo tudi individualno in skupinsko pomo\u010d za nadarjene u\u010dence in za u\u010dence z u\u010dnimi te\u017eavami. Za 12 u\u010dencev imamo na podlagi Odlo\u010dbe Zavoda RS za \u0161olstvo organizirano dodatno individualno pomo\u010d. Posebno pozornost namenjamo nadarjenim u\u010dencem.<\/p>\n\n\n\n<p>Prek razli\u010dnih projektov \u017ee ve\u010d let omogo\u010damo zaposlitve pripravnikom in s tem mo\u017enost opravljanja strokovnega izpita. V letu 2022 so k strokovnem izpitu pristopil en u\u010ditelj in dva pomo\u010dnika vzgojiteljev.<\/p>\n\n\n\n<p>V letu 2022 smo poslovali pozitivno, ustvarjen je bil prese\u017eek prihodkov nad odhodki v vi\u0161ini 2.474,65 \u20ac. Program zavoda je bil skladno z LDN \u0161ole in vrtca realiziran v celoti. Izvedba programa je kakovostna, kar dokazujejo \u0161tevilna priznanja u\u010dencev. Zavod ima kvaliteten evropski razvojni na\u010drt in dolgoro\u010dno usmeritev. Materialni pogoji so dobri, ravnateljica zagotavlja dodatna sredstva prek razli\u010dnih evropskih razpisov.<\/p>\n\n\n\n<p>Podrobno potrjeni Poro\u010dili o delu vrtca in Poro\u010dili o delu \u0161ole za \u0161olsko leto 2021\/22 ter Letni delovni na\u010drt vrtca in letni delovni na\u010drt \u0161ole za \u0161olsko leto 2022\/23 sta na spletni strani \u0161ole <a href=\"https:\/\/www.osdobje.si\/?page_id=173\">https:\/\/www.osdobje.si\/?page_id=173<\/a>.<\/p>\n\n\n\n<p>&nbsp;<\/p>\n\n\n\n<p>&nbsp;<\/p>\n\n\n\n<p>&nbsp;<\/p>\n\n\n\n<p>&nbsp;<\/p>\n\n\n\n<p>.<\/p>\n\n\n\n<p>&nbsp;<\/p>\n\n\n\n<p>&nbsp;<\/p>\n\n\n\n<p>&nbsp;<\/p>\n","protected":false},"excerpt":{"rendered":"<p>Osnovna \u0161ola Dobje z enoto vrtca je sodobno in moderno opremljen javni zavod s strokovno usposobljenim kadrom, ki sledi viziji u\u010diti in vzgajati za \u017eivljenje. V javnosti se predstavljamo s sloganom \u00bbBolj\u0161i smo in imamo dokaz\u00ab. Zaposleni si prizadevamo za &hellip; <a href=\"https:\/\/www.osdobje.si\/?page_id=191\">Beri naprej <span class=\"meta-nav\">&rarr;<\/span><\/a><\/p>\n","protected":false},"author":89974,"featured_media":0,"parent":0,"menu_order":0,"comment_status":"closed","ping_status":"closed","template":"sidebar-page.php","meta":{"ngg_post_thumbnail":0,"footnotes":""},"class_list":["post-191","page","type-page","status-publish","hentry"],"_links":{"self":[{"href":"https:\/\/www.osdobje.si\/index.php?rest_route=\/wp\/v2\/pages\/191","targetHints":{"allow":["GET"]}}],"collection":[{"href":"https:\/\/www.osdobje.si\/index.php?rest_route=\/wp\/v2\/pages"}],"about":[{"href":"https:\/\/www.osdobje.si\/index.php?rest_route=\/wp\/v2\/types\/page"}],"author":[{"embeddable":true,"href":"https:\/\/www.osdobje.si\/index.php?rest_route=\/wp\/v2\/users\/89974"}],"replies":[{"embeddable":true,"href":"https:\/\/www.osdobje.si\/index.php?rest_route=%2Fwp%2Fv2%2Fcomments&post=191"}],"version-history":[{"count":7,"href":"https:\/\/www.osdobje.si\/index.php?rest_route=\/wp\/v2\/pages\/191\/revisions"}],"predecessor-version":[{"id":3733,"href":"https:\/\/www.osdobje.si\/index.php?rest_route=\/wp\/v2\/pages\/191\/revisions\/3733"}],"wp:attachment":[{"href":"https:\/\/www.osdobje.si\/index.php?rest_route=%2Fwp%2Fv2%2Fmedia&parent=191"}],"curies":[{"name":"wp","href":"https:\/\/api.w.org\/{rel}","templated":true}]}}