{"id":173,"date":"2014-07-09T11:52:31","date_gmt":"2014-07-09T09:52:31","guid":{"rendered":"http:\/\/osdobje.splet.arnes.si\/?page_id=173"},"modified":"2026-03-11T09:25:29","modified_gmt":"2026-03-11T08:25:29","slug":"letni-delovni-nacrt","status":"publish","type":"page","link":"https:\/\/www.osdobje.si\/?page_id=173","title":{"rendered":"Letni delovni na\u010drt, ostali dokumenti"},"content":{"rendered":"\n<div class=\"wp-block-group\"><div class=\"wp-block-group__inner-container is-layout-constrained wp-block-group-is-layout-constrained\">\n<p><strong>\u0160olsko leto 2025-26<\/strong><\/p>\n\n\n\n<p><a href=\"https:\/\/www.osdobje.si\/files\/2025\/12\/LDN-OS-2025-26.pdf\">LDN za O\u0160 2025-26<\/a><\/p>\n\n\n\n<p><a href=\"https:\/\/www.osdobje.si\/files\/2026\/03\/RaP-LDN-z-opisom-dejavnosti-2025-26.pdf\">LDN za RaP z dejavnostmi 2025-26<\/a><\/p>\n\n\n\n<p><a href=\"https:\/\/www.osdobje.si\/files\/2025\/12\/LDN-Vrtec-2025-26.pdf\">LDN za vrtec 2025-26<\/a><\/p>\n\n\n\n<p><strong>\u0160olsko leto 2024-25<\/strong><\/p>\n\n\n\n<p><a href=\"https:\/\/www.osdobje.si\/files\/2025\/12\/Zakljucno-porocilo-OS-2024-25.pdf\">Zaklju\u010dno poro\u010dilo O\u0160 2024-25<\/a><\/p>\n\n\n\n<p><a href=\"https:\/\/www.osdobje.si\/files\/2025\/12\/Zakljucno-porocilo-vrtec-2024-25.pdf\">Zaklju\u010dno poro\u010dilo vrtca 2024-25<\/a><\/p>\n\n\n\n<p><a href=\"https:\/\/www.osdobje.si\/files\/2024\/12\/LDN-OS-2024-25.pdf\">LDN za O\u0160 2024-25<\/a><\/p>\n\n\n\n<p><a href=\"https:\/\/www.osdobje.si\/files\/2024\/12\/LDN-Vrtec-2024-25.pdf\">LDN za vrtec 2024-25<\/a><\/p>\n\n\n\n<p><strong>\u0160olsko leto 2023-24<\/strong><\/p>\n<\/div><\/div>\n\n\n\n<p><a href=\"https:\/\/www.osdobje.si\/files\/2024\/12\/Zakljucno-porocilo-OS-2023-24.pdf\">Zaklju\u010dno poro\u010dilo O\u0160 2023-24<\/a><\/p>\n\n\n\n<p><a href=\"https:\/\/www.osdobje.si\/files\/2025\/04\/Zakljucno-porocilo-vrtec-2023-24.pdf\">Zaklju\u010dno poro\u010dilo vrtca 2023-24<\/a><\/p>\n\n\n\n<div class=\"wp-block-group\"><div class=\"wp-block-group__inner-container is-layout-constrained wp-block-group-is-layout-constrained\">\n<p><a href=\"https:\/\/www.osdobje.si\/files\/2023\/11\/LDN-OS-2023-24.pdf\">LDN za O\u0160 2023-24<\/a><\/p>\n\n\n\n<p><a href=\"https:\/\/www.osdobje.si\/files\/2023\/12\/LDN-vrtec-2023-24.pdf\">LDN za vrtec 2023-24<\/a><\/p>\n<\/div><\/div>\n\n\n\n<div class=\"wp-block-group\"><div class=\"wp-block-group__inner-container is-layout-constrained wp-block-group-is-layout-constrained\">\n<p><strong>\u0160olsko leto 2022-23<\/strong><\/p>\n\n\n\n<p><a href=\"https:\/\/www.osdobje.si\/files\/2023\/10\/Zakljucno-porocilo-OS-2022-23.pdf\">Zaklju\u010dno poro\u010dilo O\u0160 2022-23<\/a><\/p>\n\n\n\n<p><a href=\"https:\/\/www.osdobje.si\/files\/2023\/10\/Zakljucno-porocilo-vrtec-2022-23.pdf\">Zaklju\u010dno poro\u010dilo vrtca 2022-23<\/a><\/p>\n\n\n\n<p><a href=\"https:\/\/www.osdobje.si\/files\/2023\/12\/LDN-OS-2022-23.pdf\">LDN za O\u0160 2022-23<\/a><\/p>\n\n\n\n<p><a href=\"https:\/\/www.osdobje.si\/files\/2023\/12\/LDN-vrtec-2022-23.pdf\">LDN za vrtec 2022-23<\/a><\/p>\n<\/div><\/div>\n\n\n\n<div class=\"wp-block-group\"><div class=\"wp-block-group__inner-container is-layout-constrained wp-block-group-is-layout-constrained\">\n<p><strong>\u0160olsko leto 2021-22<\/strong><\/p>\n\n\n\n<p><a href=\"https:\/\/www.osdobje.si\/files\/2023\/12\/Zakljucno-porocilo-OS-2021-22.pdf\">Zaklju\u010dno poro\u010dilo O\u0160 2021-22<\/a><\/p>\n\n\n\n<p><a href=\"https:\/\/www.osdobje.si\/files\/2023\/06\/Zakljucno-porocilo-vrtec-2021-22.pdf\">Zaklju\u010dno poro\u010dilo vrtca 2021-22<\/a><\/p>\n\n\n\n<p><a href=\"https:\/\/www.osdobje.si\/files\/2023\/12\/LDN-OS-2021-22.pdf\">LDN za O\u0160 2021-22<\/a><\/p>\n\n\n\n<p><a href=\"https:\/\/www.osdobje.si\/files\/2023\/06\/LDN-vrtec-2021-22.pdf\">LDN za vrtec 2021-22<\/a><\/p>\n<\/div><\/div>\n\n\n\n<p><strong>\u0160olsko leto 2020-21<\/strong><\/p>\n\n\n\n<p><a href=\"https:\/\/www.osdobje.si\/files\/2023\/12\/Zakljucno-porocilo-OS-2020-21.pdf\">Zaklju\u010dno poro\u010dilo O\u0160 2020-21<\/a><\/p>\n\n\n\n<p><a href=\"https:\/\/www.osdobje.si\/files\/2026\/03\/Zakljucno-porocilo-vrtec-2020-21.pdf\">Zaklju\u010dno poro\u010dilo vrtca 2020-21<\/a><\/p>\n\n\n\n<p><a href=\"https:\/\/www.osdobje.si\/files\/2023\/11\/LDN-OS-2020-21.pdf\">LDN za O\u0160 2020-21<\/a><\/p>\n\n\n\n<div class=\"wp-block-group\"><div class=\"wp-block-group__inner-container is-layout-constrained wp-block-group-is-layout-constrained\">\n<p><strong>\u0160olsko leto 2019-20<\/strong><\/p>\n\n\n\n<p><a href=\"https:\/\/www.osdobje.si\/files\/2023\/11\/Zakljucno-porocilo-OS-2019-20.pdf\">Zaklju\u010dno poro\u010dilo za O\u0160 2019-20<\/a><\/p>\n\n\n\n<p><a href=\"https:\/\/www.osdobje.si\/files\/2023\/11\/LDN-OS-2019-20.pdf\">LDN za O\u0160 2019-20<\/a><\/p>\n<\/div><\/div>\n\n\n\n<div class=\"wp-block-group\"><div class=\"wp-block-group__inner-container is-layout-constrained wp-block-group-is-layout-constrained\">\n<p><strong>\u0160olsko leto 2018-19<\/strong><\/p>\n\n\n\n<p><a href=\"https:\/\/www.osdobje.si\/files\/2023\/10\/Zakljucno-porocilo-OS-2018-19.pdf\">Zaklju\u010dno poro\u010dilo O\u0160 2018-19<\/a><\/p>\n\n\n\n<p><a href=\"https:\/\/www.osdobje.si\/files\/2023\/10\/LDN-OS-2018-19.pdf\">LDN za O\u0160 2018-19<\/a><\/p>\n<\/div><\/div>\n\n\n\n<div class=\"wp-block-group\"><div class=\"wp-block-group__inner-container is-layout-constrained wp-block-group-is-layout-constrained\">\n<p><strong>\u0160olsko leto 2017-18<\/strong><\/p>\n\n\n\n<p><a href=\"https:\/\/www.osdobje.si\/files\/2023\/09\/Zakljucno-porocilo-OS-2017-18.pdf\">Zaklju\u010dno poro\u010dilo O\u0160 2017-18<\/a><\/p>\n\n\n\n<p><a href=\"https:\/\/www.osdobje.si\/files\/2023\/09\/LDN-vrtec-2017-18.pdf\">LDN za vrtec 2017-18<\/a><\/p>\n<\/div><\/div>\n\n\n\n<div class=\"wp-block-group\"><div class=\"wp-block-group__inner-container is-layout-constrained wp-block-group-is-layout-constrained\">\n<p><strong>\u0160olsko leto 2016-17<\/strong><\/p>\n\n\n\n<p><a href=\"https:\/\/www.osdobje.si\/files\/2023\/07\/Zakljucno-porocilo-OS-2016-17.pdf\">Zaklju\u010dno poro\u010dilo O\u0160 2016-17<\/a><\/p>\n\n\n\n<p><a href=\"https:\/\/www.osdobje.si\/files\/2023\/07\/Zakljucno-porocilo-vrtec-2016-17.pdf\">Zaklju\u010dno poro\u010dilo vrtca 2016-17<\/a><\/p>\n<\/div><\/div>\n\n\n\n<p><\/p>\n","protected":false},"excerpt":{"rendered":"<p>\u0160olsko leto 2025-26 LDN za O\u0160 2025-26 LDN za RaP z dejavnostmi 2025-26 LDN za vrtec 2025-26 \u0160olsko leto 2024-25 Zaklju\u010dno poro\u010dilo O\u0160 2024-25 Zaklju\u010dno poro\u010dilo vrtca 2024-25 LDN za O\u0160 2024-25 LDN za vrtec 2024-25 \u0160olsko leto 2023-24 Zaklju\u010dno &hellip; <a href=\"https:\/\/www.osdobje.si\/?page_id=173\">Beri naprej <span class=\"meta-nav\">&rarr;<\/span><\/a><\/p>\n","protected":false},"author":89974,"featured_media":0,"parent":0,"menu_order":0,"comment_status":"closed","ping_status":"closed","template":"sidebar-page.php","meta":{"ngg_post_thumbnail":0,"footnotes":""},"class_list":["post-173","page","type-page","status-publish","hentry"],"_links":{"self":[{"href":"https:\/\/www.osdobje.si\/index.php?rest_route=\/wp\/v2\/pages\/173","targetHints":{"allow":["GET"]}}],"collection":[{"href":"https:\/\/www.osdobje.si\/index.php?rest_route=\/wp\/v2\/pages"}],"about":[{"href":"https:\/\/www.osdobje.si\/index.php?rest_route=\/wp\/v2\/types\/page"}],"author":[{"embeddable":true,"href":"https:\/\/www.osdobje.si\/index.php?rest_route=\/wp\/v2\/users\/89974"}],"replies":[{"embeddable":true,"href":"https:\/\/www.osdobje.si\/index.php?rest_route=%2Fwp%2Fv2%2Fcomments&post=173"}],"version-history":[{"count":15,"href":"https:\/\/www.osdobje.si\/index.php?rest_route=\/wp\/v2\/pages\/173\/revisions"}],"predecessor-version":[{"id":4518,"href":"https:\/\/www.osdobje.si\/index.php?rest_route=\/wp\/v2\/pages\/173\/revisions\/4518"}],"wp:attachment":[{"href":"https:\/\/www.osdobje.si\/index.php?rest_route=%2Fwp%2Fv2%2Fmedia&parent=173"}],"curies":[{"name":"wp","href":"https:\/\/api.w.org\/{rel}","templated":true}]}}